What is the remainder when 1184 is divided by c?
14
Let l(z) = z**2 - 29*z - 1227. Calculate the remainder when 1280 is divided by l(-24).
20
Let r = -3853 + 3866. Let u = 17 + -11. Calculate the remainder when r is divided by u.
1
Let a(m) = 314*m**2 + 2*m - 38. Calculate the remainder when a(-3) is divided by 23.
22
Let w = -729 + 912. Suppose -r = -18 - w. Calculate the remainder when r is divided by 17.
14
What is the remainder when 2556 is divided by (4/(-10))/((-45)/3600)?
28
Suppose -4*y + 7*y + y - 208 = 0. Suppose -4*n + 750 = n. Calculate the remainder when n is divided by y.
46
Let n = -856 - -1154. Suppose 7*c = -73 + 283. Calculate the remainder when n is divided by c.
28
Let z(x) = -x**3 - 5*x**2 - 167*x - 1163. What is the remainder when 1765 is divided by z(-7)?
101
Let u = 9274 - 8027. What is the remainder when 1256 is divided by u?
9
Calculate the remainder when (12/10)/((-2)/(-65)) is divided by 5/2*14326/1235.
10
Let f be (-2 - -18 - 1)*-1. Calculate the remainder when -3 + 3 + -2*(-10 + -2) is divided by (10/6)/((-5)/f).
4
Suppose -36*g + 187 + 4349 = 0. What is the remainder when g is divided by (-132)/15*(-1 - (-21)/(-14))?
16
Suppose -311*g + 308*g + 2700 = 5*d, -5*g + 2690 = 5*d. What is the remainder when d is divided by 43?
27
Let n(c) be the second derivative of -7*c**3/3 + c + 6. What is the remainder when 195 is divided by n(-2)?
27
Suppose -5*m + 30 = 5*g, 0 = -g + 2*m + 12 - 0. Calculate the remainder when (-6)/4 - (1628/g)/(-11) is divided by 3.
2
Let g = -3161 - -3187. What is the remainder when 1687 is divided by g?
23
Suppose -9*s + 376 + 362 = 0. Calculate the remainder when s is divided by 46.
36
Let h = 9 + 0. Let c = -6 + h. Calculate the remainder when 1 + 9/(-54)*-42 is divided by c.
2
Let q(w) = 44*w - 15. What is the remainder when q(5) is divided by 6/((96/80)/((-42)/(-10)))?
16
Let k = -9 - 27. Let w = k - -39. Suppose -5*z + 3*y + 23 = -10, -3*z - w*y = -39. What is the remainder when 15 is divided by z?
6
Suppose 5662 = 5*g - u, -5*u + 2296 - 15 = 2*g. What is the remainder when g is divided by 186?
17
Let a = 5980 + -5945. Calculate the remainder when 694 is divided by a.
29
Suppose 1034 = -w + s + 3075, 0 = -3*w - 4*s + 6123. What is the remainder when w is divided by 128?
121
Let c(s) = 9*s - 4. Suppose -36 + 46 = 5*f. Calculate the remainder when 207 is divided by c(f).
11
What is the remainder when 108 is divided by 1/2 + (-7 - (-940)/40)?
6
Suppose 15 = -3*t - 5*h + 153, 184 = 4*t + 3*h. Suppose -394*g = -390*g - 32. What is the remainder when t is divided by g?
6
Suppose -o - 1039 = -3*p, 15*p - 14*p - o = 347. Calculate the remainder when p is divided by 17.
6
Suppose 33 = 2*u + u. Let i = 664 + -673. Calculate the remainder when -10*i/(-12)*(-200)/75 is divided by u.
9
Suppose 0 = 115*f - 4438 - 1312. Calculate the remainder when -5 - -161 - 2/2 is divided by f.
5
Let w be (-4*(-6)/(-20))/(4/(-10)). What is the remainder when 173 is divided by (490/6)/7*w?
33
Let i = 295 - 443. Let y be i/(-8)*1*2. Let z = 54 - y. Calculate the remainder when z is divided by 9.
8
Suppose -13*g - 18*g - 245 = -38*g. Let w(z) be the third derivative of z**4/6 - z**3/2 - 2*z**2. What is the remainder when g is divided by w(3)?
8
Let j = -2745 - -3071. Calculate the remainder when 648 is divided by j.
322
What is the remainder when (-472 + 0)*(-109)/218 is divided by 81?
74
Let b(a) = a**3 - 6*a**2 - 16*a + 2. Let w be b(8). Suppose -17*i + 4*n - 43 = -20*i, -31 = -w*i - 5*n. What is the remainder when 35 is divided by i?
9
Let i = -241 + -291. Let j = -361 - i. Calculate the remainder when j is divided by 86.
85
Let x(y) = 5*y**2 + 8*y - 11. Let h(i) = -i**2 - i - 2. Let b(s) = -4*h(s) - x(s). What is the remainder when 27 is divided by b(-6)?
6
Let m = 257 + 5. Let g = m - 257. Calculate the remainder when 22 is divided by g.
2
What is the remainder when 10207 - -367 - (-8)/1 is divided by 168?
166
Suppose 5*i - 91 = -6. Let v(g) = g + 29*g**3 - 1 + 38*g**3 + 0*g**2 - g**2. What is the remainder when v(1) is divided by i?
15
What is the remainder when 34 is divided by 6/15 + (-494)/(-65) - -9?
0
Suppose 80*c - 1319 = 4681. Calculate the remainder when c is divided by 63.
12
Let m(g) = 2*g**3 + 100*g**2 - 69*g - 791. Calculate the remainder when m(-50) is divided by 36.
31
Suppose -4*h = -16 - 188. Let u = 68 + -53. Calculate the remainder when h is divided by u.
6
Let v(t) be the first derivative of t**4/2 - 17*t**3/3 + 21*t**2/2 - 8*t + 106. What is the remainder when v(8) is divided by 50?
46
Let q(s) = -8*s + 453 - 413 - 334. What is the remainder when 76 is divided by q(-39)?
4
Let o(i) = -2*i**3 - 4*i**2 + 3*i - 2. Let y be o(-3). What is the remainder when 191 is divided by 97/4 + ((-189)/(-28) - y)?
23
Suppose 49 = 6*u + 13. Let k = u + 0. Calculate the remainder when 18 is divided by 8/k*15/5.
2
Let v(c) = -c**3 - 11*c**2 - 12*c. Let y = 351 - 357. Let h(i) = i**2 - 10*i - 37. Calculate the remainder when h(y) is divided by v(-10).
19
Let j be (0 + (-54)/24)*(-12)/9. Suppose -13 - 3 = -2*u + 2*t, -53 = -4*u - j*t. What is the remainder when 72 is divided by u?
6
Let a(m) = m**3 - 10*m**2 + 17. Let f be 104/10 - 12/30. Let s be a(f). Suppose s = 5*c - 43. What is the remainder when 46 is divided by c?
10
Let g = -3126 + 3163. Calculate the remainder when g is divided by (6/3)/(2/4).
1
Let v be (126/15)/((-24)/(-1020)). Suppose 4*h - v = -17*h. What is the remainder when 47 is divided by h?
13
Let l = -97 + -312. Let y = l - -556. What is the remainder when y is divided by 50?
47
Let k(v) = v**3 - 6*v**2 - 33*v - 11. Calculate the remainder when k(10) is divided by 20.
19
Suppose -3*o + 258 = u, 3*u - 784 = 22*o - 26*o. What is the remainder when u is divided by 164?
100
Suppose -x + 0*k = 4*k - 15, 4*x - 4*k = -20. Calculate the remainder when (-20)/(-100) + (-728)/(-10) is divided by ((-4 - x) + 0)*(-26)/6.
8
Let r = -4250 + 4277. What is the remainder when r is divided by 11?
5
Let r(a) = -a**3 + 36*a**2 - 61*a - 196. Calculate the remainder when r(33) is divided by 160.
98
Suppose y = -2*y + 5*m + 3, 2*m = 0. Suppose 13*a = 14*a. Suppose -v = a, 0 = -2*q + 7*q + 2*v - 5. Calculate the remainder when y is divided by q.
0
Let g = 14169 + -7003. Calculate the remainder when g is divided by 107.
104
Let i(t) = 13*t + 15. Let z be i(-1). Suppose -4*v - 8 = -8*v, z*v - 29 = -5*s. Calculate the remainder when 13 is divided by s.
3
What is the remainder when 520 is divided by ((-84)/(-4))/((-48)/8 - -7)?
16
Suppose w + 60 = -4*w. What is the remainder when ((-368)/w)/((-6)/(-9)) is divided by ((-4)/(-16))/(11/704)?
14
Let o(k) = -99*k + 5176. Calculate the remainder when o(50) is divided by 114.
112
Suppose -4*g + 409 = -5*w, 418*w - 416*w - 458 = -4*g. What is the remainder when 1442 is divided by g?
110
Suppose n + 228 = 5*p, -2*p = 3*p - 4*n - 237. What is the remainder when 527 is divided by p?
32
Suppose 10009*f - 10008*f - 19 - 25 = 0. What is the remainder when 62 is divided by f?
18
Let p be 1 - -16 - (-10 - -22). Let m = -104 + -218. Calculate the remainder when 97 is divided by m/(-10) + -7 + (-1)/p.
22
Suppose -4*t - 5*f = -365, -62*f + 60*f + 184 = 2*t. Calculate the remainder when 629 is divided by t.
59
Let v = 6 + -4. Let j(y) = 2*y + 0 + 9*y**v - 6 - 7*y**2. What is the remainder when j(3) is divided by 5?
3
Let g be 14/(-2) + 4 - 82. Let s = -43 - g. Let v = -156 - -183. What is the remainder when s is divided by v?
15
Let b(x) = x**3 + 11*x**2 + 23*x + 283. Calculate the remainder when 81 is divided by b(-11).
21
Suppose 80 = -8*h + 504. What is the remainder when (-4395)/(-21) + 4/(-14) is divided by h?
50
Let l be 585/(-81) - -13 - 4/(-18). Calculate the remainder when 98 is divided by l/(-30)*-5 + (-3 - -28).
20
Suppose -2*v = 3*b + 2 + 9, 5*v = -4*b - 10. Suppose 41*g + v*t = 38*g + 659, -4*g - 3*t = -878. What is the remainder when g is divided by 8?
5
Suppose 0 = -2*y + j + 7, -4*j = y - 2*y - 7. Suppose 2*n - 19 - y = -m, 4 = m - 2*n. Calculate the remainder when m is divided by 3 - (4 + 4) - (-6 + -3).
2
Suppose -12 + 4 = -o. Let u = 81 + o. Suppose u = 2*z - 3*d, -5*z = -d - 32 - 158. What is the remainder when 110 is divided by z?
36
Let l(r) = -r**3 + 25*r**2 - 75*r + 1